{"id":2378,"date":"2016-03-05T04:59:31","date_gmt":"2016-03-05T03:59:31","guid":{"rendered":"https:\/\/www.moyenagepassion.com\/wp-content\/uploads\/2016\/03\/quete_du_graal_chevaliers_table_ronde_legendes_arthuriennes_medievales.jpg"},"modified":"2016-03-05T05:00:43","modified_gmt":"2016-03-05T04:00:43","slug":"quete_du_graal_chevaliers_table_ronde_legendes_arthuriennes_medievales","status":"inherit","type":"attachment","link":"https:\/\/www.moyenagepassion.com\/index.php\/2016\/03\/05\/chretiens-de-troyes-la-poesie-medievale-du-xiie-siecle-et-les-merveilles-du-roman-de-graal\/quete_du_graal_chevaliers_table_ronde_legendes_arthuriennes_medievales\/","title":{"rendered":"quete_du_graal_chevaliers_table_ronde_legendes_arthuriennes_medievales"},"author":2,"featured_media":0,"comment_status":"open","ping_status":"closed","template":"","meta":{"_monsterinsights_skip_tracking":false,"_monsterinsights_sitenote_active":false,"_monsterinsights_sitenote_note":"","_monsterinsights_sitenote_category":0},"class_list":["post-2378","attachment","type-attachment","status-inherit","hentry"],"aioseo_notices":[],"description":{"rendered":"<div id=\"moyen-2868337363\" class=\"moyen-before-content moyen-entity-placement\"><script async src=\"\/\/pagead2.googlesyndication.com\/pagead\/js\/adsbygoogle.js?client=ca-pub-3035390706780632\" crossorigin=\"anonymous\"><\/script><ins class=\"adsbygoogle\" style=\"display:block;\" data-ad-client=\"ca-pub-3035390706780632\" \ndata-ad-slot=\"\" \ndata-ad-format=\"auto\"><\/ins>\n<script> \n(adsbygoogle = window.adsbygoogle || []).push({}); \n<\/script>\n<\/div><p class=\"attachment\"><a href='https:\/\/www.moyenagepassion.com\/wp-content\/uploads\/2016\/03\/quete_du_graal_chevaliers_table_ronde_legendes_arthuriennes_medievales.jpg'><img decoding=\"async\" width=\"300\" height=\"163\" src=\"https:\/\/www.moyenagepassion.com\/wp-content\/uploads\/2016\/03\/quete_du_graal_chevaliers_table_ronde_legendes_arthuriennes_medievales-300x163.jpg\" class=\"attachment-medium size-medium\" alt=\"\" srcset=\"https:\/\/www.moyenagepassion.com\/wp-content\/uploads\/2016\/03\/quete_du_graal_chevaliers_table_ronde_legendes_arthuriennes_medievales-300x163.jpg 300w, https:\/\/www.moyenagepassion.com\/wp-content\/uploads\/2016\/03\/quete_du_graal_chevaliers_table_ronde_legendes_arthuriennes_medievales.jpg 500w\" sizes=\"(max-width: 300px) 100vw, 300px\" \/><\/a><\/p>\n"},"caption":{"rendered":"<p>Le d\u00e9part des chevaliers pour la qu\u00eate du Saint Graal, tapisserie du XIXe si\u00e8cle,Edward Burne-Jones,<\/p>\n"},"alt_text":"","media_type":"image","mime_type":"image\/jpeg","media_details":{"width":500,"height":271,"file":"2016\/03\/quete_du_graal_chevaliers_table_ronde_legendes_arthuriennes_medievales.jpg","sizes":{"thumbnail":{"file":"quete_du_graal_chevaliers_table_ronde_legendes_arthuriennes_medievales-150x150.jpg","width":150,"height":150,"mime_type":"image\/jpeg","source_url":"https:\/\/www.moyenagepassion.com\/wp-content\/uploads\/2016\/03\/quete_du_graal_chevaliers_table_ronde_legendes_arthuriennes_medievales-150x150.jpg"},"medium":{"file":"quete_du_graal_chevaliers_table_ronde_legendes_arthuriennes_medievales-300x163.jpg","width":300,"height":163,"mime_type":"image\/jpeg","source_url":"https:\/\/www.moyenagepassion.com\/wp-content\/uploads\/2016\/03\/quete_du_graal_chevaliers_table_ronde_legendes_arthuriennes_medievales-300x163.jpg"},"full":{"file":"quete_du_graal_chevaliers_table_ronde_legendes_arthuriennes_medievales.jpg","width":500,"height":271,"mime_type":"image\/jpeg","source_url":"https:\/\/www.moyenagepassion.com\/wp-content\/uploads\/2016\/03\/quete_du_graal_chevaliers_table_ronde_legendes_arthuriennes_medievales.jpg"}},"image_meta":{"aperture":0,"credit":"","camera":"","caption":"","created_timestamp":0,"copyright":"","focal_length":0,"iso":0,"shutter_speed":0,"title":"","orientation":0}},"post":2344,"source_url":"https:\/\/www.moyenagepassion.com\/wp-content\/uploads\/2016\/03\/quete_du_graal_chevaliers_table_ronde_legendes_arthuriennes_medievales.jpg","_links":{"self":[{"href":"https:\/\/www.moyenagepassion.com\/index.php\/wp-json\/wp\/v2\/media\/2378"}],"collection":[{"href":"https:\/\/www.moyenagepassion.com\/index.php\/wp-json\/wp\/v2\/media"}],"about":[{"href":"https:\/\/www.moyenagepassion.com\/index.php\/wp-json\/wp\/v2\/types\/attachment"}],"author":[{"embeddable":true,"href":"https:\/\/www.moyenagepassion.com\/index.php\/wp-json\/wp\/v2\/users\/2"}],"replies":[{"embeddable":true,"href":"https:\/\/www.moyenagepassion.com\/index.php\/wp-json\/wp\/v2\/comments?post=2378"}]}}

<p>Le départ des chevaliers pour la quête du Saint Graal, tapisserie du XIXe siècle,Edward Burne-Jones,</p>
