{"id":43820,"date":"2022-05-07T22:19:10","date_gmt":"2022-05-07T21:19:10","guid":{"rendered":"https:\/\/www.moyenagepassion.com\/wp-content\/uploads\/2022\/05\/evenement-actualite-medievale-reouverture-du-musee-de-Cluny-monde-medieval.jpg"},"modified":"2022-05-07T22:19:10","modified_gmt":"2022-05-07T21:19:10","slug":"evenement-actualite-medievale-reouverture-du-musee-de-cluny-monde-medieval","status":"inherit","type":"attachment","link":"https:\/\/www.moyenagepassion.com\/index.php\/2022\/05\/08\/j-5-le-musee-de-cluny-en-route-vers-un-nouveau-moyen-age\/evenement-actualite-medievale-reouverture-du-musee-de-cluny-monde-medieval\/","title":{"rendered":"evenement-actualit\u00e9-m\u00e9di\u00e9vale-r\u00e9ouverture-du-mus\u00e9e-de-Cluny-monde-m\u00e9di\u00e9val"},"author":2,"featured_media":0,"comment_status":"open","ping_status":"closed","template":"","meta":{"_monsterinsights_skip_tracking":false,"_monsterinsights_sitenote_active":false,"_monsterinsights_sitenote_note":"","_monsterinsights_sitenote_category":0},"class_list":["post-43820","attachment","type-attachment","status-inherit","hentry"],"aioseo_notices":[],"description":{"rendered":"<div id=\"moyen-1819533585\" class=\"moyen-before-content moyen-entity-placement\"><script async src=\"\/\/pagead2.googlesyndication.com\/pagead\/js\/adsbygoogle.js?client=ca-pub-3035390706780632\" crossorigin=\"anonymous\"><\/script><ins class=\"adsbygoogle\" style=\"display:block;\" data-ad-client=\"ca-pub-3035390706780632\" \ndata-ad-slot=\"\" \ndata-ad-format=\"auto\"><\/ins>\n<script> \n(adsbygoogle = window.adsbygoogle || []).push({}); \n<\/script>\n<\/div><p class=\"attachment\"><a href='https:\/\/www.moyenagepassion.com\/wp-content\/uploads\/2022\/05\/evenement-actualite-medievale-reouverture-du-musee-de-Cluny-monde-medieval.jpg'><img decoding=\"async\" width=\"300\" height=\"166\" src=\"https:\/\/www.moyenagepassion.com\/wp-content\/uploads\/2022\/05\/evenement-actualite-medievale-reouverture-du-musee-de-Cluny-monde-medieval-300x166.jpg\" class=\"attachment-medium size-medium\" alt=\"R\u00e9ouverture \u00e9v\u00e9nement du mus\u00e9e de Cluny apr\u00e8s 10 ans de travaux\" srcset=\"https:\/\/www.moyenagepassion.com\/wp-content\/uploads\/2022\/05\/evenement-actualite-medievale-reouverture-du-musee-de-Cluny-monde-medieval-300x166.jpg 300w, https:\/\/www.moyenagepassion.com\/wp-content\/uploads\/2022\/05\/evenement-actualite-medievale-reouverture-du-musee-de-Cluny-monde-medieval-672x372.jpg 672w, https:\/\/www.moyenagepassion.com\/wp-content\/uploads\/2022\/05\/evenement-actualite-medievale-reouverture-du-musee-de-Cluny-monde-medieval.jpg 720w\" sizes=\"(max-width: 300px) 100vw, 300px\" \/><\/a><\/p>\n"},"caption":{"rendered":""},"alt_text":"R\u00e9ouverture \u00e9v\u00e9nement du mus\u00e9e de Cluny apr\u00e8s 10 ans de travaux","media_type":"image","mime_type":"image\/jpeg","media_details":{"width":720,"height":399,"file":"2022\/05\/evenement-actualite-medievale-reouverture-du-musee-de-Cluny-monde-medieval.jpg","sizes":{"medium":{"file":"evenement-actualite-medievale-reouverture-du-musee-de-Cluny-monde-medieval-300x166.jpg","width":300,"height":166,"mime_type":"image\/jpeg","source_url":"https:\/\/www.moyenagepassion.com\/wp-content\/uploads\/2022\/05\/evenement-actualite-medievale-reouverture-du-musee-de-Cluny-monde-medieval-300x166.jpg"},"thumbnail":{"file":"evenement-actualite-medievale-reouverture-du-musee-de-Cluny-monde-medieval-150x150.jpg","width":150,"height":150,"mime_type":"image\/jpeg","source_url":"https:\/\/www.moyenagepassion.com\/wp-content\/uploads\/2022\/05\/evenement-actualite-medievale-reouverture-du-musee-de-Cluny-monde-medieval-150x150.jpg"},"post-thumbnail":{"file":"evenement-actualite-medievale-reouverture-du-musee-de-Cluny-monde-medieval-672x372.jpg","width":672,"height":372,"mime_type":"image\/jpeg","source_url":"https:\/\/www.moyenagepassion.com\/wp-content\/uploads\/2022\/05\/evenement-actualite-medievale-reouverture-du-musee-de-Cluny-monde-medieval-672x372.jpg"},"full":{"file":"evenement-actualite-medievale-reouverture-du-musee-de-Cluny-monde-medieval.jpg","width":720,"height":399,"mime_type":"image\/jpeg","source_url":"https:\/\/www.moyenagepassion.com\/wp-content\/uploads\/2022\/05\/evenement-actualite-medievale-reouverture-du-musee-de-Cluny-monde-medieval.jpg"}},"image_meta":{"aperture":"0","credit":"","camera":"","caption":"","created_timestamp":"0","copyright":"","focal_length":"0","iso":"0","shutter_speed":"0","title":"","orientation":"0","keywords":[]}},"post":43795,"source_url":"https:\/\/www.moyenagepassion.com\/wp-content\/uploads\/2022\/05\/evenement-actualite-medievale-reouverture-du-musee-de-Cluny-monde-medieval.jpg","_links":{"self":[{"href":"https:\/\/www.moyenagepassion.com\/index.php\/wp-json\/wp\/v2\/media\/43820"}],"collection":[{"href":"https:\/\/www.moyenagepassion.com\/index.php\/wp-json\/wp\/v2\/media"}],"about":[{"href":"https:\/\/www.moyenagepassion.com\/index.php\/wp-json\/wp\/v2\/types\/attachment"}],"author":[{"embeddable":true,"href":"https:\/\/www.moyenagepassion.com\/index.php\/wp-json\/wp\/v2\/users\/2"}],"replies":[{"embeddable":true,"href":"https:\/\/www.moyenagepassion.com\/index.php\/wp-json\/wp\/v2\/comments?post=43820"}]}}

evenement-actualité-médiévale-réouverture-du-musée-de-Cluny-monde-médiéval

<div id="moyen-1819533585" class="moyen-before-content moyen-entity-placement"><script async src="//pagead2.googlesyndication.com/pagead/js/adsbygoogle.js?client=ca-pub-3035390706780632" crossorigin="anonymous"></script><ins class="adsbygoogle" style="display:block;" data-ad-client="ca-pub-3035390706780632" 
data-ad-slot="" 
data-ad-format="auto"></ins>
<script> 
(adsbygoogle = window.adsbygoogle || []).push({}); 
</script>
</div><p class="attachment"><a href='https://www.moyenagepassion.com/wp-content/uploads/2022/05/evenement-actualite-medievale-reouverture-du-musee-de-Cluny-monde-medieval.jpg'><img decoding="async" width="300" height="166" src="https://www.moyenagepassion.com/wp-content/uploads/2022/05/evenement-actualite-medievale-reouverture-du-musee-de-Cluny-monde-medieval-300x166.jpg" class="attachment-medium size-medium" alt="Réouverture événement du musée de Cluny après 10 ans de travaux" srcset="https://www.moyenagepassion.com/wp-content/uploads/2022/05/evenement-actualite-medievale-reouverture-du-musee-de-Cluny-monde-medieval-300x166.jpg 300w, https://www.moyenagepassion.com/wp-content/uploads/2022/05/evenement-actualite-medievale-reouverture-du-musee-de-Cluny-monde-medieval-672x372.jpg 672w, https://www.moyenagepassion.com/wp-content/uploads/2022/05/evenement-actualite-medievale-reouverture-du-musee-de-Cluny-monde-medieval.jpg 720w" sizes="(max-width: 300px) 100vw, 300px" /></a></p>

Réouverture événement du musée de Cluny après 10 ans de travaux
