{"id":44910,"date":"2022-06-11T21:06:49","date_gmt":"2022-06-11T20:06:49","guid":{"rendered":"https:\/\/www.moyenagepassion.com\/wp-content\/uploads\/2022\/06\/journee-de-l-archeologie-archeologie-medievale-Paladru.jpg"},"modified":"2022-06-11T21:06:49","modified_gmt":"2022-06-11T20:06:49","slug":"journee-de-l-archeologie-archeologie-medievale-paladru","status":"inherit","type":"attachment","link":"https:\/\/www.moyenagepassion.com\/index.php\/2022\/06\/11\/agenda-des-centaines-daventures-sous-le-signe-de-larcheologie\/journee-de-l-archeologie-archeologie-medievale-paladru\/","title":{"rendered":"journee-de-l-archeologie-archeologie-medievale-Paladru"},"author":2,"featured_media":0,"comment_status":"open","ping_status":"closed","template":"","meta":{"_monsterinsights_skip_tracking":false,"_monsterinsights_sitenote_active":false,"_monsterinsights_sitenote_note":"","_monsterinsights_sitenote_category":0},"class_list":["post-44910","attachment","type-attachment","status-inherit","hentry"],"aioseo_notices":[],"description":{"rendered":"<div id=\"moyen-2205962433\" class=\"moyen-before-content moyen-entity-placement\"><script async src=\"\/\/pagead2.googlesyndication.com\/pagead\/js\/adsbygoogle.js?client=ca-pub-3035390706780632\" crossorigin=\"anonymous\"><\/script><ins class=\"adsbygoogle\" style=\"display:block;\" data-ad-client=\"ca-pub-3035390706780632\" \ndata-ad-slot=\"\" \ndata-ad-format=\"auto\"><\/ins>\n<script> \n(adsbygoogle = window.adsbygoogle || []).push({}); \n<\/script>\n<\/div><p class=\"attachment\"><a href='https:\/\/www.moyenagepassion.com\/wp-content\/uploads\/2022\/06\/journee-de-l-archeologie-archeologie-medievale-Paladru.jpg'><img decoding=\"async\" width=\"300\" height=\"199\" src=\"https:\/\/www.moyenagepassion.com\/wp-content\/uploads\/2022\/06\/journee-de-l-archeologie-archeologie-medievale-Paladru-300x199.jpg\" class=\"attachment-medium size-medium\" alt=\"Les journ\u00e9es arch\u00e9ologiques au mus\u00e9e de Paladru\" srcset=\"https:\/\/www.moyenagepassion.com\/wp-content\/uploads\/2022\/06\/journee-de-l-archeologie-archeologie-medievale-Paladru-300x199.jpg 300w, https:\/\/www.moyenagepassion.com\/wp-content\/uploads\/2022\/06\/journee-de-l-archeologie-archeologie-medievale-Paladru.jpg 680w\" sizes=\"(max-width: 300px) 100vw, 300px\" \/><\/a><\/p>\n"},"caption":{"rendered":""},"alt_text":"Les journ\u00e9es arch\u00e9ologiques au mus\u00e9e de Paladru","media_type":"image","mime_type":"image\/jpeg","media_details":{"width":680,"height":450,"file":"2022\/06\/journee-de-l-archeologie-archeologie-medievale-Paladru.jpg","sizes":{"medium":{"file":"journee-de-l-archeologie-archeologie-medievale-Paladru-300x199.jpg","width":300,"height":199,"mime_type":"image\/jpeg","source_url":"https:\/\/www.moyenagepassion.com\/wp-content\/uploads\/2022\/06\/journee-de-l-archeologie-archeologie-medievale-Paladru-300x199.jpg"},"thumbnail":{"file":"journee-de-l-archeologie-archeologie-medievale-Paladru-150x150.jpg","width":150,"height":150,"mime_type":"image\/jpeg","source_url":"https:\/\/www.moyenagepassion.com\/wp-content\/uploads\/2022\/06\/journee-de-l-archeologie-archeologie-medievale-Paladru-150x150.jpg"},"post-thumbnail":{"file":"journee-de-l-archeologie-archeologie-medievale-Paladru-672x372.jpg","width":672,"height":372,"mime_type":"image\/jpeg","source_url":"https:\/\/www.moyenagepassion.com\/wp-content\/uploads\/2022\/06\/journee-de-l-archeologie-archeologie-medievale-Paladru-672x372.jpg"},"full":{"file":"journee-de-l-archeologie-archeologie-medievale-Paladru.jpg","width":680,"height":450,"mime_type":"image\/jpeg","source_url":"https:\/\/www.moyenagepassion.com\/wp-content\/uploads\/2022\/06\/journee-de-l-archeologie-archeologie-medievale-Paladru.jpg"}},"image_meta":{"aperture":"0","credit":"","camera":"","caption":"","created_timestamp":"0","copyright":"","focal_length":"0","iso":"0","shutter_speed":"0","title":"","orientation":"0","keywords":[]}},"post":44861,"source_url":"https:\/\/www.moyenagepassion.com\/wp-content\/uploads\/2022\/06\/journee-de-l-archeologie-archeologie-medievale-Paladru.jpg","_links":{"self":[{"href":"https:\/\/www.moyenagepassion.com\/index.php\/wp-json\/wp\/v2\/media\/44910"}],"collection":[{"href":"https:\/\/www.moyenagepassion.com\/index.php\/wp-json\/wp\/v2\/media"}],"about":[{"href":"https:\/\/www.moyenagepassion.com\/index.php\/wp-json\/wp\/v2\/types\/attachment"}],"author":[{"embeddable":true,"href":"https:\/\/www.moyenagepassion.com\/index.php\/wp-json\/wp\/v2\/users\/2"}],"replies":[{"embeddable":true,"href":"https:\/\/www.moyenagepassion.com\/index.php\/wp-json\/wp\/v2\/comments?post=44910"}]}}

<div id="moyen-2205962433" class="moyen-before-content moyen-entity-placement"><script async src="//pagead2.googlesyndication.com/pagead/js/adsbygoogle.js?client=ca-pub-3035390706780632" crossorigin="anonymous"></script><ins class="adsbygoogle" style="display:block;" data-ad-client="ca-pub-3035390706780632" 
data-ad-slot="" 
data-ad-format="auto"></ins>
<script> 
(adsbygoogle = window.adsbygoogle || []).push({}); 
</script>
</div><p class="attachment"><a href='https://www.moyenagepassion.com/wp-content/uploads/2022/06/journee-de-l-archeologie-archeologie-medievale-Paladru.jpg'><img decoding="async" width="300" height="199" src="https://www.moyenagepassion.com/wp-content/uploads/2022/06/journee-de-l-archeologie-archeologie-medievale-Paladru-300x199.jpg" class="attachment-medium size-medium" alt="Les journées archéologiques au musée de Paladru" srcset="https://www.moyenagepassion.com/wp-content/uploads/2022/06/journee-de-l-archeologie-archeologie-medievale-Paladru-300x199.jpg 300w, https://www.moyenagepassion.com/wp-content/uploads/2022/06/journee-de-l-archeologie-archeologie-medievale-Paladru.jpg 680w" sizes="(max-width: 300px) 100vw, 300px" /></a></p>

Les journées archéologiques au musée de Paladru
