{"id":46361,"date":"2022-10-12T04:07:34","date_gmt":"2022-10-12T03:07:34","guid":{"rendered":"https:\/\/www.moyenagepassion.com\/wp-content\/uploads\/2022\/10\/Premiere-medievale-des-Genettes-animations-Moyen-Age-en-Ile-de-France-Clichy-s.jpg"},"modified":"2022-10-12T04:07:34","modified_gmt":"2022-10-12T03:07:34","slug":"premiere-medievale-des-genettes-animations-moyen-age-en-ile-de-france-clichy-s","status":"inherit","type":"attachment","link":"https:\/\/www.moyenagepassion.com\/index.php\/2022\/10\/12\/agenda-clichy-sous-bois-un-grande-premiere-pour-la-medievale-des-genettes\/premiere-medievale-des-genettes-animations-moyen-age-en-ile-de-france-clichy-s\/","title":{"rendered":"Premi\u00e8re-m\u00e9di\u00e9vale-des-Genettes-animations-Moyen-\u00c2ge-en-\u00cfle-de-France-Clichy-s"},"author":2,"featured_media":0,"comment_status":"open","ping_status":"closed","template":"","meta":{"_monsterinsights_skip_tracking":false,"_monsterinsights_sitenote_active":false,"_monsterinsights_sitenote_note":"","_monsterinsights_sitenote_category":0},"class_list":["post-46361","attachment","type-attachment","status-inherit","hentry"],"aioseo_notices":[],"description":{"rendered":"<div id=\"moyen-550081428\" class=\"moyen-before-content moyen-entity-placement\"><script async src=\"\/\/pagead2.googlesyndication.com\/pagead\/js\/adsbygoogle.js?client=ca-pub-3035390706780632\" crossorigin=\"anonymous\"><\/script><ins class=\"adsbygoogle\" style=\"display:block;\" data-ad-client=\"ca-pub-3035390706780632\" \ndata-ad-slot=\"\" \ndata-ad-format=\"auto\"><\/ins>\n<script> \n(adsbygoogle = window.adsbygoogle || []).push({}); \n<\/script>\n<\/div><p class=\"attachment\"><a href='https:\/\/www.moyenagepassion.com\/wp-content\/uploads\/2022\/10\/Premiere-medievale-des-Genettes-animations-Moyen-Age-en-Ile-de-France-Clichy-s.jpg'><img decoding=\"async\" width=\"300\" height=\"229\" src=\"https:\/\/www.moyenagepassion.com\/wp-content\/uploads\/2022\/10\/Premiere-medievale-des-Genettes-animations-Moyen-Age-en-Ile-de-France-Clichy-s-300x229.jpg\" class=\"attachment-medium size-medium\" alt=\"\" srcset=\"https:\/\/www.moyenagepassion.com\/wp-content\/uploads\/2022\/10\/Premiere-medievale-des-Genettes-animations-Moyen-Age-en-Ile-de-France-Clichy-s-300x229.jpg 300w, https:\/\/www.moyenagepassion.com\/wp-content\/uploads\/2022\/10\/Premiere-medievale-des-Genettes-animations-Moyen-Age-en-Ile-de-France-Clichy-s.jpg 650w\" sizes=\"(max-width: 300px) 100vw, 300px\" \/><\/a><\/p>\n"},"caption":{"rendered":""},"alt_text":"","media_type":"image","mime_type":"image\/jpeg","media_details":{"width":650,"height":497,"file":"2022\/10\/Premiere-medievale-des-Genettes-animations-Moyen-Age-en-Ile-de-France-Clichy-s.jpg","filesize":123549,"sizes":{"medium":{"file":"Premiere-medievale-des-Genettes-animations-Moyen-Age-en-Ile-de-France-Clichy-s-300x229.jpg","width":300,"height":229,"filesize":29875,"mime_type":"image\/jpeg","source_url":"https:\/\/www.moyenagepassion.com\/wp-content\/uploads\/2022\/10\/Premiere-medievale-des-Genettes-animations-Moyen-Age-en-Ile-de-France-Clichy-s-300x229.jpg"},"thumbnail":{"file":"Premiere-medievale-des-Genettes-animations-Moyen-Age-en-Ile-de-France-Clichy-s-150x150.jpg","width":150,"height":150,"filesize":11027,"mime_type":"image\/jpeg","source_url":"https:\/\/www.moyenagepassion.com\/wp-content\/uploads\/2022\/10\/Premiere-medievale-des-Genettes-animations-Moyen-Age-en-Ile-de-France-Clichy-s-150x150.jpg"},"post-thumbnail":{"file":"Premiere-medievale-des-Genettes-animations-Moyen-Age-en-Ile-de-France-Clichy-s-650x372.jpg","width":650,"height":372,"filesize":88604,"mime_type":"image\/jpeg","source_url":"https:\/\/www.moyenagepassion.com\/wp-content\/uploads\/2022\/10\/Premiere-medievale-des-Genettes-animations-Moyen-Age-en-Ile-de-France-Clichy-s-650x372.jpg"},"full":{"file":"Premiere-medievale-des-Genettes-animations-Moyen-Age-en-Ile-de-France-Clichy-s.jpg","width":650,"height":497,"mime_type":"image\/jpeg","source_url":"https:\/\/www.moyenagepassion.com\/wp-content\/uploads\/2022\/10\/Premiere-medievale-des-Genettes-animations-Moyen-Age-en-Ile-de-France-Clichy-s.jpg"}},"image_meta":{"aperture":"0","credit":"","camera":"","caption":"","created_timestamp":"0","copyright":"","focal_length":"0","iso":"0","shutter_speed":"0","title":"","orientation":"0","keywords":[]}},"post":46327,"source_url":"https:\/\/www.moyenagepassion.com\/wp-content\/uploads\/2022\/10\/Premiere-medievale-des-Genettes-animations-Moyen-Age-en-Ile-de-France-Clichy-s.jpg","_links":{"self":[{"href":"https:\/\/www.moyenagepassion.com\/index.php\/wp-json\/wp\/v2\/media\/46361"}],"collection":[{"href":"https:\/\/www.moyenagepassion.com\/index.php\/wp-json\/wp\/v2\/media"}],"about":[{"href":"https:\/\/www.moyenagepassion.com\/index.php\/wp-json\/wp\/v2\/types\/attachment"}],"author":[{"embeddable":true,"href":"https:\/\/www.moyenagepassion.com\/index.php\/wp-json\/wp\/v2\/users\/2"}],"replies":[{"embeddable":true,"href":"https:\/\/www.moyenagepassion.com\/index.php\/wp-json\/wp\/v2\/comments?post=46361"}]}}

Première-médiévale-des-Genettes-animations-Moyen-Âge-en-Ïle-de-France-Clichy-s
