{"id":4,"date":"2015-12-11T00:40:45","date_gmt":"2015-12-10T23:40:45","guid":{"rendered":"http:\/\/www.moyenagepassion.com\/?page_id=4"},"modified":"2020-09-20T04:48:16","modified_gmt":"2020-09-20T03:48:16","slug":"bienvenue-sur-moyenagepassion-com","status":"publish","type":"page","link":"https:\/\/www.moyenagepassion.com\/index.php\/bienvenue-sur-moyenagepassion-com\/","title":{"rendered":"Bienvenue sur Moyenagepassion.com"},"content":{"rendered":"<div id=\"moyen-3836904145\" class=\"moyen-before-content moyen-entity-placement\"><script async src=\"\/\/pagead2.googlesyndication.com\/pagead\/js\/adsbygoogle.js?client=ca-pub-3035390706780632\" crossorigin=\"anonymous\"><\/script><ins class=\"adsbygoogle\" style=\"display:block;\" data-ad-client=\"ca-pub-3035390706780632\" \ndata-ad-slot=\"\" \ndata-ad-format=\"auto\"><\/ins>\n<script> \n(adsbygoogle = window.adsbygoogle || []).push({}); \n<\/script>\n<\/div><p>Bonjour bonnes gens et bienvenue sur moyenagepassion.com!<\/p>\n<p style=\"text-align: justify;\"><a href=\"https:\/\/www.moyenagepassion.com\/wp-content\/uploads\/2015\/12\/C_lettrine_moyen_age_passion.jpg\"><img decoding=\"async\" class=\"alignleft size-full wp-image-36\" src=\"https:\/\/www.moyenagepassion.com\/wp-content\/uploads\/2015\/12\/C_lettrine_moyen_age_passion.jpg\" alt=\"C_lettrine_moyen_age_passion\" width=\"84\" height=\"103\" \/><\/a><br \/>\nomme son nom l&rsquo;indique, ce site est d\u00e9di\u00e9 \u00e0 la passion pour le moyen-\u00e2ge, l&rsquo;histoire et le monde m\u00e9di\u00e9val.<\/p>\n<p style=\"text-align: justify;\">Il n&rsquo;a l&rsquo;ambition que de vous divertir en\u00a0vous pr\u00e9sentant\u00a0des informations sur cette p\u00e9riode, qu&rsquo;il s&rsquo;agisse d&rsquo;architecture m\u00e9di\u00e9vale, de ch\u00e2teaux et de\u00a0forteresses, ou\u00a0encore de po\u00e9sies, de litt\u00e9rature, de romans, de livres anciens, de musique, de jeux vid\u00e9os, et m\u00eame d&rsquo;actualit\u00e9. Dans son approche, il pr\u00e9tend encore couvrir le moyen-\u00e2ge sous toutes ses formes\u00a0: les anciennes, les historiques, le moyen-\u00e2ge \u00ab\u00a0r\u00e9aliste\u00a0\u00bb mais aussi les plus actuelles et le moyen-\u00e2ge tel que nous nous le repr\u00e9sentons aujourd&rsquo;hui,\u00a0ce que l&rsquo;on nomme le m\u00e9di\u00e9valisme et qui inclut\u00a0le m\u00e9di\u00e9val fantaisie et les univers de l\u00e9gendes o\u00f9 des dragons dormants, bien cach\u00e9s dans leur grotte, r\u00eavent encore de tr\u00e9sors et de montagnes d&rsquo;or.<\/p>\n<p style=\"text-align: justify;\"><a href=\"https:\/\/www.moyenagepassion.com\/wp-content\/uploads\/2015\/12\/passion_moyen_age_auteur_autoportrait_blog_romans.gif\"><img decoding=\"async\" class=\"alignright size-full wp-image-358\" src=\"https:\/\/www.moyenagepassion.com\/wp-content\/uploads\/2015\/12\/passion_moyen_age_auteur_autoportrait_blog_romans.gif\" alt=\"passion_moyen_age_auteur_autoportrait_blog_romans\" width=\"250\" height=\"247\" \/><\/a>Quant \u00e0 votre serviteur, c&rsquo;est\u00a0un passionn\u00e9 qui \u00e9crit des romans et des histoires sur le moyen \u00e2ge et fait aussi des vid\u00e9os sur l&rsquo;\u00e9poque m\u00e9di\u00e9vale, en particulier sur la p\u00e9riode qui va\u00a0du XIIe au XIIIe si\u00e8cle qui sont des si\u00e8cles que j&rsquo;affectionne particuli\u00e8rement et qui sont encore sans poudre \u00e0 canon.<\/p>\n<p style=\"text-align: justify;\">Voil\u00e0 pour la petite introduction! Pour le reste je vous souhaite une excellente visite dans les couloirs du temps et dans le large d\u00e9dale que constitue les mille ann\u00e9es couvertes par le moyen-\u00e2ge, p\u00e9riode que l&rsquo;Histoire n&rsquo;en finit pas de red\u00e9couvrir.<\/p>\n<p style=\"text-align: justify;\">Fr\u00e9d\u00e9ric Effe<br \/>\npour moyenagepassion.com.<\/p>\n<p><q><span style=\"color: #008000;\"><em><strong>\u00ab\u00a0L\u2019ardente passion, que nul frein ne retient, poursuit ce qu\u2019elle veut et non ce qui convient.\u00a0\u00bb<\/strong><\/em><\/span>\u00a0<\/q>Publiliue Syrus\u00a0\u00a0I<sup>er<\/sup> s. av. J.-C<\/p>\n","protected":false},"excerpt":{"rendered":"<p>Bonjour bonnes gens et bienvenue sur moyenagepassion.com! omme son nom l&rsquo;indique, ce site est d\u00e9di\u00e9 \u00e0 la passion pour le moyen-\u00e2ge, l&rsquo;histoire et le monde m\u00e9di\u00e9val. Il n&rsquo;a l&rsquo;ambition que de vous divertir en\u00a0vous pr\u00e9sentant\u00a0des informations sur cette p\u00e9riode, qu&rsquo;il s&rsquo;agisse d&rsquo;architecture m\u00e9di\u00e9vale, de ch\u00e2teaux et de\u00a0forteresses, ou\u00a0encore de po\u00e9sies, de litt\u00e9rature, de romans, de &hellip; <a href=\"https:\/\/www.moyenagepassion.com\/index.php\/bienvenue-sur-moyenagepassion-com\/\" class=\"more-link\">Continuer la lecture de <span class=\"screen-reader-text\">Bienvenue sur Moyenagepassion.com<\/span>  <span class=\"meta-nav\">&rarr;<\/span><\/a><\/p>\n","protected":false},"author":2,"featured_media":0,"parent":0,"menu_order":0,"comment_status":"closed","ping_status":"closed","template":"","meta":{"_monsterinsights_skip_tracking":false,"_monsterinsights_sitenote_active":false,"_monsterinsights_sitenote_note":"","_monsterinsights_sitenote_category":0,"footnotes":""},"class_list":["post-4","page","type-page","status-publish","hentry"],"aioseo_notices":[],"_links":{"self":[{"href":"https:\/\/www.moyenagepassion.com\/index.php\/wp-json\/wp\/v2\/pages\/4"}],"collection":[{"href":"https:\/\/www.moyenagepassion.com\/index.php\/wp-json\/wp\/v2\/pages"}],"about":[{"href":"https:\/\/www.moyenagepassion.com\/index.php\/wp-json\/wp\/v2\/types\/page"}],"author":[{"embeddable":true,"href":"https:\/\/www.moyenagepassion.com\/index.php\/wp-json\/wp\/v2\/users\/2"}],"replies":[{"embeddable":true,"href":"https:\/\/www.moyenagepassion.com\/index.php\/wp-json\/wp\/v2\/comments?post=4"}],"version-history":[{"count":0,"href":"https:\/\/www.moyenagepassion.com\/index.php\/wp-json\/wp\/v2\/pages\/4\/revisions"}],"wp:attachment":[{"href":"https:\/\/www.moyenagepassion.com\/index.php\/wp-json\/wp\/v2\/media?parent=4"}],"curies":[{"name":"wp","href":"https:\/\/api.w.org\/{rel}","templated":true}]}}